 22. What are the prime factors of 137 + (-2)/v + 93/33?
2, 5, 7
Suppose -5*a = 3*c - 5, 4*a + 2*c = 4*c + 26. Suppose -640 = -q - a*q. Suppose 0 = 3*w - 15, -4*g + 3*w + q + 29 = 0. List the prime factors of g.
43
What are the prime factors of ((-428)/(-107))/(2/927)?
2, 3, 103
Let s(b) = -b**3 - 6*b**2 - 5*b. Let f be s(-5). Suppose f = -q - q, -i + 74 = -q. List the prime factors of i.
2, 37
What are the prime factors of (-58)/145 - (1 - 9411/15)?
2, 313
Let w(o) = o**3 + 10*o**2 + o + 7. Let i be w(-10). Let n be (i/(-5))/(1/15). Suppose n*h - 44 = 7*h. List the prime factors of h.
2, 11
Suppose 22*s = 14*s + 9352. List the prime factors of s.
7, 167
Let a(s) = s**3 - 18*s**2 - 18*s - 14. Let x be a(19). Suppose 0 = -5*h + x*p + 250, h + 0*p + 2*p - 41 = 0. List the prime factors of h.
47
Suppose 9 = a + 4. Let q be 4/a - 64/80. Suppose 4*d - 2*d - 38 = q. List the prime factors of d.
19
Let u(g) = -g**3 - 13*g**2 + 15*g + 17. Let n be u(-14). Suppose -4*m = -n*j - 3*m + 139, -j + 47 = -m. List the prime factors of j.
2, 23
Let s(v) = 2*v**2 - 8*v - 19. Let j be s(10). Let t = j + 70. What are the prime factors of t?
3, 19
Let o be ((-4)/(-10))/((-5)/(-25)). List the prime factors of 4/8 - (-29)/o.
3, 5
Suppose -5*c + 4*c = 32. Let n = c + 41. What are the prime factors of n?
3
Let w = -4 + 128. List the prime factors of w.
2, 31
Let a = 2551 - 1019. What are the prime factors of a?
2, 383
Let v be (-2 - 0)/((-62)/(-2449)). Let p = -32 + -12. Let q = p - v. List the prime factors of q.
5, 7
Let c = 276 - 84. Let n = c + -82. List the prime factors of n.
2, 5, 11
Suppose -39*c + 4122 = -6135. What are the prime factors of c?
263
Let g be 3/9*(1 + 11). Suppose -g = -3*o + 101. List the prime factors of o.
5, 7
Let a be (1 - (-4 + 1)) + -9. Let z be a + 3 + -95 - -3. Let l = -38 - z. What are the prime factors of l?
2, 7
Let m(b) = -31*b + 2. Let c be m(-4). Let v = 0 + c. Suppose 5*p - 8*p = -v. List the prime factors of p.
2, 3, 7
Let u(t) = 2*t**2 + 4*t + 9. Let f be u(-5). Let h = 18 + f. List the prime factors of h.
3, 19
Let b = 12 + -12. Suppose b = -2*k - 2*k + 24. Suppose k*d = 9*d - 57. List the prime factors of d.
19
Suppose -6*c + 2*c = -16. Suppose -f = -3*n - 32, 5*f + c*n - 98 = 100. Suppose b + f = 2*b. List the prime factors of b.
2, 19
Suppose 3*g + 72 = -g + 4*x, 96 = -4*g - 2*x. Suppose t + 53 = 6*p - 2*p, -177 = 5*t + 2*p. Let q = g - t. What are the prime factors of q?
3, 5
Let m(n) be the first derivative of -3 - 9*n + 3/2*n**2. List the prime factors of m(5).
2, 3
Let a = 2291 - -175. What are the prime factors of a?
2, 3, 137
Suppose -2*k - 98 = -4*k. Suppose a - 105 = -4*j, -j - 14 + k = 2*a. Suppose -z = -0*z - j. List the prime factors of z.
5
Suppose 4*d - 2*l - 2*l = 28, 4*l - 20 = -2*d. Suppose 0 = d*v + 3*v - 792. What are the prime factors of v?
2, 3
Let k be -15*22*3/(-6). Suppose -x - 30 = -3*a - k, 633 = 5*x - a. List the prime factors of x.
2, 3, 7
Let c = 2425 + -1716. List the prime factors of c.
709
Suppose 23*w = -12*w + 19705. What are the prime factors of w?
563
Suppose 2*n - 107 = -d + 15, -244 = -4*n + d. List the prime factors of (-38)/(-171) + n/9.
7
Suppose 16 = 6*d - 2*d - 4*v, -8 = 4*v. Suppose d*t - 3*t - c + 200 = 0, 3*t - 4*c - 600 = 0. What are the prime factors of t?
2, 5
Let l(a) = 545*a**2 - 21*a - 21. List the prime factors of l(-1).
5, 109
Let r(u) = 4*u**3 - 3*u**2 - 5*u + 2. Let f = -4 + 7. List the prime factors of r(f).
2, 17
Let z(q) = -69*q**3 - 2*q**2 - 3*q - 1. List the prime factors of z(-1).
3, 23
Suppose -5*k + 4*q + 14904 = 0, -q - 2*q - 5963 = -2*k. What are the prime factors of k?
2, 5, 149
Let p(a) = a**3 + 12*a**2 - 13*a - 15. Let f be p(-11). Suppose 89*c = 86*c + f. What are the prime factors of c?
83
Let k(a) = a + 17. Let b be k(-12). Suppose 3*y + o - 16 = 0, -o - 2*o + 24 = b*y. Suppose 9*z - y*z = 147. List the prime factors of z.
7
Let l be 1/((2 + -4)/(-22)). Let z(c) = c**3 - 12*c**2 + 13*c + 10. Let v be z(l). Suppose -4*a = -3*h - 74, 0*a - h + v = 2*a. List the prime factors of a.
17
Suppose -w + 6699 = 4*o, -3*w = 4*o - 4*w - 6709. List the prime factors of o.
2, 419
Let p(t) = 3*t**3 + 12*t**2 + 11*t - 6. Let h(k) = -5*k**3 - 24*k**2 - 21*k + 11. Let r(q) = -4*h(q) - 7*p(q). List the prime factors of r(12).
2, 41
Let u(j) = 9*j**2 + 3*j + 20. What are the prime factors of u(-5)?
2, 5, 23
Let w = -6 + 8. Suppose -4*z + 4*v - 44 = 0, -w*v + 5 = -7*v. Let u = z - -16. List the prime factors of u.
2
Let n = 1 - -5. Suppose 2*f + n = -l, 0 = -0*l + 4*l - 2*f - 16. Suppose d + l*d - r - 36 = 0, 0 = d + 5*r - 28. List the prime factors of d.
13
Suppose 19*h - 425 = 14*h. Suppose 0 = -2*a - 103 + 19. Let t = h + a. List the prime factors of t.
43
Let w = -41 - -52. Let o = 62 - w. List the prime factors of o.
3, 17
Suppose -27 = w - 6*w - n, 4*w - 28 = -4*n. Suppose 31 = v + j, w*v - 4*j - j = 165. Let l = v - 16. List the prime factors of l.
2
Let y(q) = 10*q + 7. Let g be y(2). Let h = 61 - g. What are the prime factors of h?
2, 17
Let n(f) = -17*f. Let o be n(-5). Let s = 170 + o. Suppose -s = -6*v + v. List the prime factors of v.
3, 17
Let s(b) = -b**2 + 14*b + 37. Let h be s(16). Suppose -8*q = -h*q - 171. List the prime factors of q.
3, 19
Let l be 852/16 + (1 - (-5)/(-4)). Suppose 8 + l = z. List the prime factors of z.
61
Let t(p) = -p - 20. Let h be t(-16). List the prime factors of -3 - (1 + h)*(-100)/(-15).
17
Suppose 5*r - 4*o + o = -15, -5*o - 55 = 5*r. What are the prime factors of ((-16)/r)/(-2)*-3?
2
Suppose -2*p + 59 - 11 = 0. Suppose -5*n = 2*z + 25, -3*n - 2*z - z = p. List the prime factors of 12 + (n - 7/(-1)).
2
Let d be -1 - (-5064)/(-10) - 2/(-5). List the prime factors of (d/(-9))/(4/12).
13
Suppose -3*c + 0*c + 15 = 0. Suppose -c*k = -k - 388. Let x = k + -66. What are the prime factors of x?
31
Let h be 2/(-3)*1 - 5246/(-183). List the prime factors of (2/2)/(5 + (-138)/h).
2, 7
Let m be 4/2 - (1 - -12). Let s = m - -16. Suppose -5*o - 9 = 6, -s*f - 4*o - 2 = 0. What are the prime factors of f?
2
Suppose -4067 - 896 = -7*r. Suppose 7*t - r = -79. List the prime factors of t.
2, 3, 5
Let u = 343 + -109. What are the prime factors of u?
2, 3, 13
Suppose -3*d - 4*d = 21. List the prime factors of (-1)/(-4 - d) + 21.
2, 11
Let b = -2006 - -2817. What are the prime factors of b?
811
Let i = 477 - 681. List the prime factors of i/(-33) - 4/22.
2, 3
Let t = 1315 + 253. What are the prime factors of t?
2, 7
Let c(t) be the second derivative of t**5/20 - t**4/3 - 4*t**3/3 + 3*t**2 + 7*t. Let m be c(6). What are the prime factors of (-2)/5 + 1302/m?
43
Let k(a) = -a**3 + 54*a**2 + 142*a - 40. List the prime factors of k(55).
5, 13, 73
Let p = -23 - -125. What are the prime factors of p?
2, 3, 17
Let a = -5900 - -10564. List the prime factors of a.
2, 11, 53
Suppose 0 = -16*p + 14*p + 1446. Suppose g = -3*o + p, 4*o - 127 - 832 = -3*g. What are the prime factors of o?
2, 11
Let v = 35 + 105. Let g = 3 + -3. Suppose 5*b + g*b - v = 0. List the prime factors of b.
2, 7
What are the prime factors of 4/7 + 959766/399?
2, 3, 401
Let x(p) = -3*p**2 - 17*p + 33. Let d(k) = k**2 + 6*k - 11. Let l(i) = -7*d(i) - 2*x(i). Let v be l(-9). What are the prime factors of -4 + 37 - (-1 - v)?
2, 3
Let v(z) = 2 - 2 + 2*z - 11 + 6*z. List the prime factors of v(9).
61
Suppose 3*v = -3*c + 1392, -5*v = -4*c - c - 2300. List the prime factors of v.
2, 3, 7, 11
Let b(y) = -y**3 + 8*y**2 + y - 1. Let a be b(8). Suppose s - 5*m = a + 5, 4*s - 2*m = -6. Let n = s - -14. What are the prime factors of n?
11
Let l(b) = b**3 - 19*b**2 - 29*b + 49. List the prime factors of l(23).
2, 7, 107
Suppose -2*f + 35 = 3*f. Let k = f + -15. Let t(l) = -7*l - 19. What are the prime factors of t(k)?
37
Suppose 3*u - 7 = -1. Suppose 0 = 2*i + 10, -4*q - u*i = -0 - 10. Suppose -v + 214 = 5*o, 0*v + q*v + 5 = 0. What are the prime factors of o?
43
Suppose 5*b + 72 = -b. List the prime factors of (-1318)/b + 9/54.
2, 5, 11
Let l = -72 + 93. Let x(h) = -h**2 - 3*h + 2. Let p be x(-3). Let t = l + p. What are the prime factors of t?
23
Suppose -5*j + 9*j + 3*g - 2194 = 0, j - 2*g - 543 = 0. What are the prime factors of j?
547
What are the prime factors of ((-2)/(-4))/((-2)/(-408)) + -2